+ 2886. What is the greatest common divisor of 60 and t?
6
Let g(a) = 42 + 21*a + 11*a**3 + 5 + 10 - 12*a**3 + 22*a**2. Let c be g(23). Calculate the highest common divisor of 473 and c.
11
Let b = 19 + -11. Let r(i) = -3*i + 20. Let g be r(30). Let k = g + 71. What is the highest common factor of b and k?
1
Let x(f) = -3*f**3 + 11*f**2 - 42*f + 243. Let d be x(-17). What is the greatest common divisor of d and 125?
125
Let s be (-45)/(-18)*2/(-10)*-6. Suppose s*g - 5*c - 1396 + 534 = 0, -5 = c. What is the greatest common divisor of g and 9?
9
Suppose -5565 - 5731 = -2*k - 4*b, -5*k - b = -28213. Calculate the highest common factor of 31 and k.
31
Let t = 31329 - 30773. Calculate the greatest common divisor of t and 52.
4
Let m(l) = l**3 - 14*l**2 + 25*l - 1. Let w be m(12). Suppose -29*h + 3600 = w*h. What is the highest common factor of 54 and h?
18
Let g = -116 - -214. Suppose -92*s - 576 = -g*s. What is the highest common divisor of s and 24?
24
Let x(b) = -b**3 - 5*b**2 + 6. Let c be x(-5). Let q = 79 + c. Let u be 747/45 - (-4)/10. What is the highest common divisor of q and u?
17
Suppose 3*n + 24 = 12. Let x(w) = 6*w + 48. Let o be x(n). What is the highest common divisor of o and 64?
8
Let p be 2/(-3)*(-9)/6. Let n be 0 + 39 + p/(-1). Suppose -48*b = 48*b - 2860 + 1036. What is the highest common factor of b and n?
19
Suppose -27 + 6 = -7*i. Suppose -5*k + 143 = 4*d, 0*d + 5*k - 101 = -i*d. Let b = -30 + d. What is the highest common factor of 30 and b?
6
Suppose 142 = 2*q + w, 3*q + 95 = -w + 310. Suppose -72*m + q*m - 33 = 0. Suppose -m = r - 51. What is the highest common divisor of 4 and r?
2
Let m be 4/(32/2076) - (-2)/(32/(-8)). What is the greatest common factor of 1628 and m?
37
Let r = -22302 + 22981. Calculate the highest common factor of r and 1552.
97
Let u be (12/(-2))/((-1)/(-20)). Let f be (1 - 42/18)*u. What is the highest common factor of f and 30?
10
Suppose -16 = 11*h - 3*h. Let c be ((-4)/h)/(-3*1/(-9)). Let a be (20/c)/((-1)/(-24)). What is the greatest common factor of a and 10?
10
Let s be (-14 + 15)/((-11)/(-1133)). Calculate the highest common factor of 3193 and s.
103
Let p be 702/(-3) + (-182)/(-26). Let k = -47 - p. What is the highest common factor of k and 5?
5
Let x be (-1)/(-1)*0/(-17). Let b(k) = -k**2 - 4*k + 731. Let v be b(x). What is the highest common factor of v and 17?
17
Suppose -5*a = 5*k - 115, 4*k + 3*a = 11*a + 20. Suppose 11 = y - 57. What is the greatest common factor of y and k?
17
Let l(u) = -u**2 + 46*u + 9. Let c be l(39). Calculate the greatest common factor of 111 and c.
3
Suppose -362*g + 181312 = 130*g - 187688. What is the highest common factor of 600 and g?
150
Let n(w) = 2*w**3 + 5*w**2 - 146*w + 18. Let l be n(9). What is the highest common divisor of 3339 and l?
63
Let x(z) be the second derivative of z**3/2 - 113*z**2/2 + 8*z + 3. Let w be x(41). Calculate the highest common divisor of 12 and w.
2
Let y(i) = -i**2 - 45*i + 34. Let p be y(-40). Let l be 160/9 + (-4)/(-18). Calculate the highest common divisor of p and l.
18
Suppose -366*c + 27882 = 1297*c - 114*c. Let h = 8 + -4. What is the greatest common factor of h and c?
2
Suppose g + i = 133, 2*i = 3*g + 141 - 535. Calculate the highest common factor of g and 60.
12
Let o = -21670 - -23525. Calculate the highest common factor of o and 5.
5
Suppose -o - 6 = n, -2*n + o + 4*o - 26 = 0. Let t be (4 + (-7)/(-7))/((-2)/n). What is the greatest common divisor of t and 60?
20
Let u = 83 - 23. Let x(y) = -57*y - 21. Let c be x(-1). What is the highest common divisor of u and c?
12
Let s be (4/6 - 91/(-21)) + -1. Suppose -5*j - 1 = 9, 2*x + s*j = 330. Calculate the highest common divisor of x and 26.
13
Let v be ((-20)/(-55))/(28/1694). Let m(g) = g**2 + 660. Let f be m(0). What is the greatest common factor of f and v?
22
Suppose 81*t - 78*t = -3*f + 171, -282 = -5*f - 2*t. Calculate the greatest common divisor of 4438 and f.
14
Let r = -5806 + 9374. Suppose 1258 = -7*p + r. What is the greatest common factor of 30 and p?
30
Suppose 6912 = -951*n + 969*n. What is the highest common divisor of n and 2432?
128
Suppose -5*f = -6 - 4. Suppose -42 = -f*o + 5*o. Let y be o*1*(4/28 - 1). What is the greatest common divisor of 6 and y?
6
Suppose 1764 = -19*a + 6932. Calculate the highest common factor of 536 and a.
8
Suppose 7*o = -0*o + 21. Suppose 120 = -z + o*z. Let h be (3 - (-120)/(-25))*z/(-9). Calculate the greatest common divisor of 24 and h.
12
Let p(h) = h**2 - 112*h + 960. Let d be p(178). Calculate the highest common divisor of d and 36.
36
Let l be 10/4*(9 + 143/(-55)). What is the highest common factor of l and 1440?
16
Suppose -3*q - 1902 = -6063. Suppose q + 863 = 5*p. What is the greatest common factor of 50 and p?
50
Let l(j) be the second derivative of -j**3/2 + 7*j**2/2 + 20*j. Let m be l(-17). Let p = 73 - m. Calculate the greatest common divisor of 10 and p.
5
Let t(v) = -v**2 + v + 116. Let y be t(0). Let p be (-4 + 8 + -3 - 1)/(39 + -40). Suppose -5*g + y + 24 = p. What is the greatest common factor of 7 and g?
7
Suppose -2*v + 0 + 10 = 0. Suppose -60 = -v*o + 15. Let a(i) = -3*i**3 + 26*i**2 + 13*i - 16. Let n be a(9). Calculate the greatest common divisor of n and o.
5
Suppose 474*p = 485*p - 9889. Calculate the greatest common factor of p and 116.
29
Let c = -20 - -82. Suppose -5*x + 164 = 2*d, x + 78 = 2*d - c. Suppose -p = 4*p + 3*f - 66, -f + d = 5*p. What is the greatest common divisor of p and 10?
5
Let y be (47 + -45)*((-4)/14 + 175/98). Let n = 32 - -2. Calculate the highest common factor of y and n.
1
Let t(r) = -3*r**3 + 10*r**2 - 4*r - 19. Let o be t(7). Let g = 664 + o. Calculate the greatest common divisor of g and 351.
39
Suppose -2563 = 310*u - 313*u + w, 1727 = 2*u + 3*w. What is the greatest common factor of 321 and u?
107
Let j = -1973 + 2078. Calculate the highest common divisor of j and 21.
21
Let d(u) = u**2 - 6*u + 6. Let k be d(6). Suppose 0 = -19*j + 13*j + 324. Suppose j = q + 6. What is the highest common factor of k and q?
6
Let i(y) = 2183*y + 67. Let x be i(8). Calculate the greatest common factor of 47 and x.
47
Suppose 0 = -68*s + 23*s + 2700. Calculate the highest common divisor of 192 and s.
12
Let o(t) = -t**3 - 14*t**2 - 13*t + 23. Let n be o(-13). Suppose 27*u - 8 = n*u. Let a be 4/(2 + u)*11. Calculate the highest common factor of a and 176.
11
Suppose 0 = -7*n + 356 + 274. Let k = n - 70. Let f be k/9 - 20/90. What is the greatest common factor of 7 and f?
1
Suppose -21 = m - 15, 0 = 2*f + m - 68. What is the greatest common factor of f and 12913?
37
Let j be 4/(-5) + (-268)/(-10). Suppose -32*c + 18 = -j*c. Let a be (-1)/c + (-209)/(-33). What is the greatest common divisor of 60 and a?
6
Let r = 1038 + -676. Let t = 582 - r. What is the highest common factor of 55 and t?
55
Suppose 3*l - 4*t - 54 = 0, -14*l = -11*l - 2*t - 48. Calculate the greatest common divisor of 8386 and l.
14
Let v(r) = -r**3 - 57*r**2 + 40*r - 915. Let l be v(-58). Calculate the greatest common factor of 51 and l.
3
Let p(r) = 25*r + 90. Let l be p(21). Calculate the highest common divisor of 45 and l.
15
Let b = -479 - -583. Suppose -b*q + 235 = -103*q. Calculate the greatest common factor of 15 and q.
5
Suppose 1839 = 103*h - 221. Let y be -4 + (144/4 - 0). Calculate the greatest common factor of h and y.
4
Let f be (-5 + 4 - -243) + -3. Suppose 3*g + w = 184, 3*g + 5*w + f = 7*g. Suppose 3*s + g - 7 = 3*o, -3*s = -6. Calculate the highest common factor of o and 4.
4
Suppose 23 = -0*z + 4*z + 3*w, -3*z = 3*w - 21. Let v be (-26 + z)*(-8)/3. Suppose 2*n = -2*n + 32. Calculate the greatest common factor of v and n.
8
Let h be 50/40*8 - -260. What is the greatest common divisor of h and 90?
90
Suppose -21*i + 26*i = -2*z + 19009, 4*i - 4*z - 15168 = 0. What is the highest common factor of 29 and i?
29
Suppose 4*o + 6*o = 8*o + 782. Calculate the greatest common factor of 46 and o.
23
Let c = -4383 + 4767. Calculate the highest common factor of 276 and c.
12
Let m = -2458 - -2470. Calculate the greatest common divisor of 732 and m.
12
Let k be (-30)/255 + 336/(-34). Let c be k*1*(-8580)/100. Calculate the greatest common divisor of 78 and c.
78
Let r(d) = 24*d**2. Let x be r(-1). Suppose 272386